{"id":547,"date":"2024-11-26T14:20:43","date_gmt":"2024-11-26T12:20:43","guid":{"rendered":"https:\/\/waldenbuch-hasenhof.de\/?page_id=547"},"modified":"2024-11-27T15:35:08","modified_gmt":"2024-11-27T13:35:08","slug":"aktuelles","status":"publish","type":"page","link":"https:\/\/waldenbuch-hasenhof.de\/index.php\/aktuelles\/","title":{"rendered":"Aktuelles"},"content":{"rendered":"\n<div class=\"wp-block-query is-layout-flow wp-block-query-is-layout-flow\"><ul class=\"wp-block-post-template is-layout-flow wp-block-post-template-is-layout-flow\"><li class=\"wp-block-post post-559 post type-post status-publish format-standard hentry category-aktuell\">\n<h2 class=\"wp-block-post-title\"><a href=\"https:\/\/waldenbuch-hasenhof.de\/index.php\/2024\/11\/26\/die-hasenhofer-waren-aktiv\/\" target=\"_self\" >Die Hasenhofer waren aktiv<\/a><\/h2>\n\n\n\n<div class=\"wp-block-post-excerpt\"><p class=\"wp-block-post-excerpt__excerpt\">Endlich fertig! Die Sitzgelegenheit unter der Linde am Ortseingang Hasenhof wurde aufgebaut. Beim Hasenhofstammtisch im Fr\u00fchjahr 2024 entstand die Idee, unter der Linde am Ortseingang vom Hasenhof eine neue Sitzgelegenheit zu schaffen. Die alte war marode und wurde vom Bauhof entfernt. Um den Vorgang zu beschleunigen und den Stadts\u00e4ckel zu entlasten, entschieden sich die Hasenhofer,&hellip; <\/p><\/div>\n\n\n<hr class=\"wp-block-separator has-css-opacity\"\/>\n\n\n<div class=\"wp-block-post-date\"><time datetime=\"2024-11-26T20:31:25+02:00\">26.11.2024<\/time><\/div>\n\n\n<p>&#8212;&#8212;&#8212;&#8212;&#8212;&#8212;&#8212;&#8212;&#8212;&#8212;&#8212;<\/p>\n\n\n\n<p><\/p>\n\n<\/li><li class=\"wp-block-post post-561 post type-post status-publish format-standard hentry category-aktuell\">\n<h2 class=\"wp-block-post-title\"><a href=\"https:\/\/waldenbuch-hasenhof.de\/index.php\/2023\/11\/01\/rutschpartie-abgewendet\/\" target=\"_self\" >Rutschpartie abgewendet<\/a><\/h2>\n\n\n\n<div class=\"wp-block-post-excerpt\"><p class=\"wp-block-post-excerpt__excerpt\">Anmerkung: Dank der Bem\u00fchungen der Freien W\u00e4hler Waldenbuch hat der Gemeinderat den Beschluss zur\u00fcckgenommen &#8211; Weidacher Weg und Uhlbergweg werden ab Winter 2023 wieder ger\u00e4umt. Rutschpartie auf dem Hasenhof! Stadtverwaltung und Gemeinderat haben mehrheitlich beschlossen, den Winterdienst ab 2021&nbsp; im Uhlbergweg und Weidacher Weg einzustellen. Das ist nicht nachzuvollziehen und sehr riskant! Diesen einfachen Bogen&hellip; <\/p><\/div>\n\n\n<hr class=\"wp-block-separator has-css-opacity\"\/>\n\n\n<div class=\"wp-block-post-date\"><time datetime=\"2023-11-01T20:34:00+02:00\">1.11.2023<\/time><\/div>\n\n\n<p>&#8212;&#8212;&#8212;&#8212;&#8212;&#8212;&#8212;&#8212;&#8212;&#8212;&#8212;<\/p>\n\n\n\n<p><\/p>\n\n<\/li><\/ul><\/div>\n","protected":false},"excerpt":{"rendered":"","protected":false},"author":2,"featured_media":0,"parent":0,"menu_order":0,"comment_status":"closed","ping_status":"closed","template":"","meta":{"footnotes":""},"class_list":["post-547","page","type-page","status-publish","hentry"],"_links":{"self":[{"href":"https:\/\/waldenbuch-hasenhof.de\/index.php\/wp-json\/wp\/v2\/pages\/547","targetHints":{"allow":["GET"]}}],"collection":[{"href":"https:\/\/waldenbuch-hasenhof.de\/index.php\/wp-json\/wp\/v2\/pages"}],"about":[{"href":"https:\/\/waldenbuch-hasenhof.de\/index.php\/wp-json\/wp\/v2\/types\/page"}],"author":[{"embeddable":true,"href":"https:\/\/waldenbuch-hasenhof.de\/index.php\/wp-json\/wp\/v2\/users\/2"}],"replies":[{"embeddable":true,"href":"https:\/\/waldenbuch-hasenhof.de\/index.php\/wp-json\/wp\/v2\/comments?post=547"}],"version-history":[{"count":13,"href":"https:\/\/waldenbuch-hasenhof.de\/index.php\/wp-json\/wp\/v2\/pages\/547\/revisions"}],"predecessor-version":[{"id":627,"href":"https:\/\/waldenbuch-hasenhof.de\/index.php\/wp-json\/wp\/v2\/pages\/547\/revisions\/627"}],"wp:attachment":[{"href":"https:\/\/waldenbuch-hasenhof.de\/index.php\/wp-json\/wp\/v2\/media?parent=547"}],"curies":[{"name":"wp","href":"https:\/\/api.w.org\/{rel}","templated":true}]}}

<div class="wp-block-query is-layout-flow wp-block-query-is-layout-flow"><ul class="wp-block-post-template is-layout-flow wp-block-post-template-is-layout-flow"><li class="wp-block-post post-559 post type-post status-publish format-standard hentry category-aktuell">
<h2 class="wp-block-post-title"><a href="https://waldenbuch-hasenhof.de/index.php/2024/11/26/die-hasenhofer-waren-aktiv/" target="_self" >Die Hasenhofer waren aktiv</a></h2>



<div class="wp-block-post-excerpt"><p class="wp-block-post-excerpt__excerpt">Endlich fertig! Die Sitzgelegenheit unter der Linde am Ortseingang Hasenhof wurde aufgebaut. Beim Hasenhofstammtisch im Frühjahr 2024 entstand die Idee, unter der Linde am Ortseingang vom Hasenhof eine neue Sitzgelegenheit zu schaffen. Die alte war marode und wurde vom Bauhof entfernt. Um den Vorgang zu beschleunigen und den Stadtsäckel zu entlasten, entschieden sich die Hasenhofer,&hellip; </p></div>


<hr class="wp-block-separator has-css-opacity"/>


<div class="wp-block-post-date"><time datetime="2024-11-26T20:31:25+02:00">26.11.2024</time></div>


<p>&#8212;&#8212;&#8212;&#8212;&#8212;&#8212;&#8212;&#8212;&#8212;&#8212;&#8212;</p>



<p></p>

</li><li class="wp-block-post post-561 post type-post status-publish format-standard hentry category-aktuell">
<h2 class="wp-block-post-title"><a href="https://waldenbuch-hasenhof.de/index.php/2023/11/01/rutschpartie-abgewendet/" target="_self" >Rutschpartie abgewendet</a></h2>



<div class="wp-block-post-excerpt"><p class="wp-block-post-excerpt__excerpt">Anmerkung: Dank der Bemühungen der Freien Wähler Waldenbuch hat der Gemeinderat den Beschluss zurückgenommen &#8211; Weidacher Weg und Uhlbergweg werden ab Winter 2023 wieder geräumt. Rutschpartie auf dem Hasenhof! Stadtverwaltung und Gemeinderat haben mehrheitlich beschlossen, den Winterdienst ab 2021&nbsp; im Uhlbergweg und Weidacher Weg einzustellen. Das ist nicht nachzuvollziehen und sehr riskant! Diesen einfachen Bogen&hellip; </p></div>


<hr class="wp-block-separator has-css-opacity"/>


<div class="wp-block-post-date"><time datetime="2023-11-01T20:34:00+02:00">1.11.2023</time></div>


<p>&#8212;&#8212;&#8212;&#8212;&#8212;&#8212;&#8212;&#8212;&#8212;&#8212;&#8212;</p>



<p></p>

</li></ul></div>
